{"id":7726,"date":"2025-06-14T08:35:40","date_gmt":"2025-06-14T08:35:40","guid":{"rendered":"https:\/\/www.puitalm.tirol\/?page_id=7726"},"modified":"2026-03-04T12:30:44","modified_gmt":"2026-03-04T10:30:44","slug":"wooow","status":"publish","type":"page","link":"https:\/\/www.staywild.at\/?page_id=7726","title":{"rendered":"wooow"},"content":{"rendered":"\t\t<div data-elementor-type=\"wp-page\" data-elementor-id=\"7726\" class=\"elementor elementor-7726\">\n\t\t\t\t<div class=\"elementor-element elementor-element-4dcc325 e-con-full e-flex e-con e-parent\" data-id=\"4dcc325\" data-element_type=\"container\" data-settings=\"{&quot;background_background&quot;:&quot;classic&quot;}\">\n\t\t\t\t<div class=\"elementor-element elementor-element-adfdbd7 jltma-glass-effect-no elementor-widget elementor-widget-heading\" data-id=\"adfdbd7\" data-element_type=\"widget\" data-widget_type=\"heading.default\">\n\t\t\t\t<div class=\"elementor-widget-container\">\n\t\t\t\t\t<h4 class=\"elementor-heading-title elementor-size-default\">Unser Lieblingsger\u00e4usch?<\/h4>\t\t\t\t<\/div>\n\t\t\t\t<\/div>\n\t\t\t\t<div class=\"elementor-element elementor-element-a996ed5 jltma-glass-effect-no elementor-widget elementor-widget-text-editor\" data-id=\"a996ed5\" data-element_type=\"widget\" data-widget_type=\"text-editor.default\">\n\t\t\t\t<div class=\"elementor-widget-container\">\n\t\t\t\t\t\t\t\t\t<p>blub blub blub blub blub blub<\/p>\t\t\t\t\t\t\t\t<\/div>\n\t\t\t\t<\/div>\n\t\t\t\t<\/div>\n\t\t<div class=\"elementor-element elementor-element-5b9530f e-flex e-con-boxed e-con e-parent\" data-id=\"5b9530f\" data-element_type=\"container\">\n\t\t\t\t\t<div class=\"e-con-inner\">\n\t\t\t\t<div class=\"elementor-element elementor-element-70dacaa jltma-glass-effect-no elementor-widget elementor-widget-spacer\" data-id=\"70dacaa\" data-element_type=\"widget\" data-widget_type=\"spacer.default\">\n\t\t\t\t<div class=\"elementor-widget-container\">\n\t\t\t\t\t\t\t<div class=\"elementor-spacer\">\n\t\t\t<div class=\"elementor-spacer-inner\"><\/div>\n\t\t<\/div>\n\t\t\t\t\t\t<\/div>\n\t\t\t\t<\/div>\n\t\t\t\t\t<\/div>\n\t\t\t\t<\/div>\n\t\t<div class=\"elementor-element elementor-element-c9fd296 e-flex e-con-boxed e-con e-parent\" data-id=\"c9fd296\" data-element_type=\"container\">\n\t\t\t\t\t<div class=\"e-con-inner\">\n\t\t\t\t<div class=\"elementor-element elementor-element-a02a3a1 jltma-glass-effect-no elementor-widget elementor-widget-heading\" data-id=\"a02a3a1\" data-element_type=\"widget\" data-widget_type=\"heading.default\">\n\t\t\t\t<div class=\"elementor-widget-container\">\n\t\t\t\t\t<h4 class=\"elementor-heading-title elementor-size-default\">Stay. Relay. Wooow<\/h4>\t\t\t\t<\/div>\n\t\t\t\t<\/div>\n\t\t\t\t\t<\/div>\n\t\t\t\t<\/div>\n\t\t<div class=\"elementor-element elementor-element-473ee24 e-flex e-con-boxed e-con e-parent\" data-id=\"473ee24\" data-element_type=\"container\">\n\t\t\t\t\t<div class=\"e-con-inner\">\n\t\t\t\t<div class=\"elementor-element elementor-element-10ca1b3 jltma-glass-effect-no elementor-widget elementor-widget-text-editor\" data-id=\"10ca1b3\" data-element_type=\"widget\" data-widget_type=\"text-editor.default\">\n\t\t\t\t<div class=\"elementor-widget-container\">\n\t\t\t\t\t\t\t\t\t<p>Bisschen schwitzen, bisschen blubbern, bisschen Ausblick genie\u00dfen \u2013 genau so f\u00fchlt sich Urlaub richtig an.<\/p>\t\t\t\t\t\t\t\t<\/div>\n\t\t\t\t<\/div>\n\t\t\t\t<div class=\"elementor-element elementor-element-8bc6827 elementor-widget-divider--view-line jltma-glass-effect-no elementor-widget elementor-widget-divider\" data-id=\"8bc6827\" data-element_type=\"widget\" data-widget_type=\"divider.default\">\n\t\t\t\t<div class=\"elementor-widget-container\">\n\t\t\t\t\t\t\t<div class=\"elementor-divider\">\n\t\t\t<span class=\"elementor-divider-separator\">\n\t\t\t\t\t\t<\/span>\n\t\t<\/div>\n\t\t\t\t\t\t<\/div>\n\t\t\t\t<\/div>\n\t\t\t\t\t<\/div>\n\t\t\t\t<\/div>\n\t\t<div class=\"elementor-element elementor-element-3f56f73 e-flex e-con-boxed e-con e-parent\" data-id=\"3f56f73\" data-element_type=\"container\">\n\t\t\t\t\t<div class=\"e-con-inner\">\n\t\t\t\t<div class=\"elementor-element elementor-element-9686e3f jltma-glass-effect-no elementor-widget elementor-widget-spacer\" data-id=\"9686e3f\" data-element_type=\"widget\" data-widget_type=\"spacer.default\">\n\t\t\t\t<div class=\"elementor-widget-container\">\n\t\t\t\t\t\t\t<div class=\"elementor-spacer\">\n\t\t\t<div class=\"elementor-spacer-inner\"><\/div>\n\t\t<\/div>\n\t\t\t\t\t\t<\/div>\n\t\t\t\t<\/div>\n\t\t\t\t\t<\/div>\n\t\t\t\t<\/div>\n\t\t<div class=\"elementor-element elementor-element-0b8d9cd e-flex e-con-boxed e-con e-parent\" data-id=\"0b8d9cd\" data-element_type=\"container\" id=\"kuschelnest\">\n\t\t\t\t\t<div class=\"e-con-inner\">\n\t\t<div class=\"elementor-element elementor-element-b90ab74 e-con-full e-flex e-con e-child\" data-id=\"b90ab74\" data-element_type=\"container\">\n\t\t\t\t<div class=\"elementor-element elementor-element-7046cf0 elementor-arrows-position-inside jltma-glass-effect-no elementor-widget elementor-widget-image-carousel\" data-id=\"7046cf0\" data-element_type=\"widget\" id=\"kuschelnest\" data-settings=\"{&quot;slides_to_show&quot;:&quot;1&quot;,&quot;navigation&quot;:&quot;arrows&quot;,&quot;autoplay&quot;:&quot;yes&quot;,&quot;pause_on_hover&quot;:&quot;yes&quot;,&quot;pause_on_interaction&quot;:&quot;yes&quot;,&quot;autoplay_speed&quot;:5000,&quot;infinite&quot;:&quot;yes&quot;,&quot;effect&quot;:&quot;slide&quot;,&quot;speed&quot;:500}\" data-widget_type=\"image-carousel.default\">\n\t\t\t\t<div class=\"elementor-widget-container\">\n\t\t\t\t\t\t\t<div class=\"elementor-image-carousel-wrapper swiper\" role=\"region\" aria-roledescription=\"carousel\" aria-label=\"Apartment Egg\" dir=\"ltr\">\n\t\t\t<div class=\"elementor-image-carousel swiper-wrapper\" aria-live=\"off\">\n\t\t\t\t\t\t\t\t<div class=\"swiper-slide\" role=\"group\" aria-roledescription=\"slide\" aria-label=\"1 of 1\"><figure class=\"swiper-slide-inner\"><img decoding=\"async\" class=\"swiper-slide-image\" src=\"https:\/\/www.staywild.at\/wp-content\/uploads\/elementor\/thumbs\/wildschoenau-first-rz-60-von-83-scaled-rb8zpvs5eq44szk0d22mh61xejuzakkuui4k5eemgw.jpg\" alt=\"wildsch\u00f6nau-first-rz (60 von 83)\" \/><\/figure><\/div>\t\t\t<\/div>\n\t\t\t\t\t<\/div>\n\t\t\t\t\t\t<\/div>\n\t\t\t\t<\/div>\n\t\t\t\t<\/div>\n\t\t<div class=\"elementor-element elementor-element-f134268 e-con-full e-flex e-con e-child\" data-id=\"f134268\" data-element_type=\"container\">\n\t\t<div class=\"elementor-element elementor-element-ed4ffaa e-con-full e-flex e-con e-child\" data-id=\"ed4ffaa\" data-element_type=\"container\">\n\t\t\t\t<div class=\"elementor-element elementor-element-0c297c5 jltma-glass-effect-no elementor-widget elementor-widget-heading\" data-id=\"0c297c5\" data-element_type=\"widget\" data-widget_type=\"heading.default\">\n\t\t\t\t<div class=\"elementor-widget-container\">\n\t\t\t\t\t<h4 class=\"elementor-heading-title elementor-size-default\">rooftop whirlpool<\/h4>\t\t\t\t<\/div>\n\t\t\t\t<\/div>\n\t\t\t\t<div class=\"elementor-element elementor-element-5f27141 jltma-glass-effect-no elementor-widget elementor-widget-text-editor\" data-id=\"5f27141\" data-element_type=\"widget\" data-widget_type=\"text-editor.default\">\n\t\t\t\t<div class=\"elementor-widget-container\">\n\t\t\t\t\t\t\t\t\t<p>Klingt dekadent \u2013 ist es auch. Auf der Dachterrasse ins warme Wasser gleiten, Blubberblasen im R\u00fccken, Bergpanorama im Blick. Mehr \u201eWooow\u201c geht nicht.<\/p>\t\t\t\t\t\t\t\t<\/div>\n\t\t\t\t<\/div>\n\t\t\t\t<\/div>\n\t\t\t\t<\/div>\n\t\t\t\t\t<\/div>\n\t\t\t\t<\/div>\n\t\t<div class=\"elementor-element elementor-element-f0e30d0 e-flex e-con-boxed e-con e-parent\" data-id=\"f0e30d0\" data-element_type=\"container\">\n\t\t\t\t\t<div class=\"e-con-inner\">\n\t\t<div class=\"elementor-element elementor-element-831850e e-con-full e-flex e-con e-child\" data-id=\"831850e\" data-element_type=\"container\">\n\t\t\t\t<div class=\"elementor-element elementor-element-c25c036 elementor-arrows-position-inside jltma-glass-effect-no elementor-widget elementor-widget-image-carousel\" data-id=\"c25c036\" data-element_type=\"widget\" data-settings=\"{&quot;slides_to_show&quot;:&quot;1&quot;,&quot;navigation&quot;:&quot;arrows&quot;,&quot;autoplay&quot;:&quot;yes&quot;,&quot;pause_on_hover&quot;:&quot;yes&quot;,&quot;pause_on_interaction&quot;:&quot;yes&quot;,&quot;autoplay_speed&quot;:5000,&quot;infinite&quot;:&quot;yes&quot;,&quot;effect&quot;:&quot;slide&quot;,&quot;speed&quot;:500}\" data-widget_type=\"image-carousel.default\">\n\t\t\t\t<div class=\"elementor-widget-container\">\n\t\t\t\t\t\t\t<div class=\"elementor-image-carousel-wrapper swiper\" role=\"region\" aria-roledescription=\"carousel\" aria-label=\"Apartment Egg\" dir=\"ltr\">\n\t\t\t<div class=\"elementor-image-carousel swiper-wrapper\" aria-live=\"off\">\n\t\t\t\t\t\t\t\t<div class=\"swiper-slide\" role=\"group\" aria-roledescription=\"slide\" aria-label=\"1 of 2\"><figure class=\"swiper-slide-inner\"><img decoding=\"async\" class=\"swiper-slide-image\" src=\"https:\/\/www.staywild.at\/wp-content\/uploads\/elementor\/thumbs\/wildschoenau-first-rz-21-von-83-scaled-rb8zoks7x0bsohg9zhra0hwvpaamlpea01ia5kcb40.jpg\" alt=\"wildsch\u00f6nau-first-rz (21 von 83)\" \/><\/figure><\/div><div class=\"swiper-slide\" role=\"group\" aria-roledescription=\"slide\" aria-label=\"2 of 2\"><figure class=\"swiper-slide-inner\"><img decoding=\"async\" class=\"swiper-slide-image\" src=\"https:\/\/www.staywild.at\/wp-content\/uploads\/elementor\/thumbs\/wildschoenau-first-rz-22-von-83-scaled-rb8zp1pbc0yyhgrp8p2k9dn6e7z8g99g2d90sjn800.jpg\" alt=\"wildsch\u00f6nau-first-rz (22 von 83)\" \/><\/figure><\/div>\t\t\t<\/div>\n\t\t\t\t\t\t\t\t\t\t\t\t<div class=\"elementor-swiper-button elementor-swiper-button-prev\" role=\"button\" tabindex=\"0\">\n\t\t\t\t\t\t<i aria-hidden=\"true\" class=\"eicon-chevron-left\"><\/i>\t\t\t\t\t<\/div>\n\t\t\t\t\t<div class=\"elementor-swiper-button elementor-swiper-button-next\" role=\"button\" tabindex=\"0\">\n\t\t\t\t\t\t<i aria-hidden=\"true\" class=\"eicon-chevron-right\"><\/i>\t\t\t\t\t<\/div>\n\t\t\t\t\n\t\t\t\t\t\t\t\t\t<\/div>\n\t\t\t\t\t\t<\/div>\n\t\t\t\t<\/div>\n\t\t\t\t<\/div>\n\t\t<div class=\"elementor-element elementor-element-3c53f8f e-con-full e-flex e-con e-child\" data-id=\"3c53f8f\" data-element_type=\"container\">\n\t\t<div class=\"elementor-element elementor-element-50fd735 e-con-full e-flex e-con e-child\" data-id=\"50fd735\" data-element_type=\"container\">\n\t\t\t\t<div class=\"elementor-element elementor-element-2a0ad68 jltma-glass-effect-no elementor-widget elementor-widget-heading\" data-id=\"2a0ad68\" data-element_type=\"widget\" data-widget_type=\"heading.default\">\n\t\t\t\t<div class=\"elementor-widget-container\">\n\t\t\t\t\t<h4 class=\"elementor-heading-title elementor-size-default\">panorama sauna<\/h4>\t\t\t\t<\/div>\n\t\t\t\t<\/div>\n\t\t\t\t<div class=\"elementor-element elementor-element-2c71f6a jltma-glass-effect-no elementor-widget elementor-widget-text-editor\" data-id=\"2c71f6a\" data-element_type=\"widget\" data-widget_type=\"text-editor.default\">\n\t\t\t\t<div class=\"elementor-widget-container\">\n\t\t\t\t\t\t\t\t\t<p>Sauna kennt jeder. Aber <strong data-start=\"539\" data-end=\"562\">Sauna mit Bergblick<\/strong>? Das ist nochmal eine andere Liga. Setz dich rein, schau raus und lass die Wildsch\u00f6nau f\u00fcr dich arbeiten. Und wenn du dabei das Gef\u00fchl hast, du sitzt in einem Wellness-Prospekt: stimmt.<\/p>\t\t\t\t\t\t\t\t<\/div>\n\t\t\t\t<\/div>\n\t\t\t\t<\/div>\n\t\t\t\t<\/div>\n\t\t\t\t\t<\/div>\n\t\t\t\t<\/div>\n\t\t<div class=\"elementor-element elementor-element-afbcb86 e-flex e-con-boxed e-con e-parent\" data-id=\"afbcb86\" data-element_type=\"container\">\n\t\t\t\t\t<div class=\"e-con-inner\">\n\t\t<div class=\"elementor-element elementor-element-2e21836 e-con-full e-flex e-con e-child\" data-id=\"2e21836\" data-element_type=\"container\">\n\t\t\t\t<div class=\"elementor-element elementor-element-bad1e27 elementor-arrows-position-inside jltma-glass-effect-no elementor-widget elementor-widget-image-carousel\" data-id=\"bad1e27\" data-element_type=\"widget\" data-settings=\"{&quot;slides_to_show&quot;:&quot;1&quot;,&quot;navigation&quot;:&quot;arrows&quot;,&quot;autoplay&quot;:&quot;yes&quot;,&quot;pause_on_hover&quot;:&quot;yes&quot;,&quot;pause_on_interaction&quot;:&quot;yes&quot;,&quot;autoplay_speed&quot;:5000,&quot;infinite&quot;:&quot;yes&quot;,&quot;effect&quot;:&quot;slide&quot;,&quot;speed&quot;:500}\" data-widget_type=\"image-carousel.default\">\n\t\t\t\t<div class=\"elementor-widget-container\">\n\t\t\t\t\t\t\t<div class=\"elementor-image-carousel-wrapper swiper\" role=\"region\" aria-roledescription=\"carousel\" aria-label=\"Apartment Egg\" dir=\"ltr\">\n\t\t\t<div class=\"elementor-image-carousel swiper-wrapper\" aria-live=\"off\">\n\t\t\t\t\t\t\t\t<div class=\"swiper-slide\" role=\"group\" aria-roledescription=\"slide\" aria-label=\"1 of 2\"><figure class=\"swiper-slide-inner\"><img decoding=\"async\" class=\"swiper-slide-image\" src=\"https:\/\/www.staywild.at\/wp-content\/uploads\/elementor\/thumbs\/wolfgang-weiser-7_O8683Mlcw-unsplash-scaled-rk0bqhv2es437js7c1jtu22qpwkexaiy44x7png5kw.jpg\" alt=\"wolfgang-weiser-7_O8683Mlcw-unsplash\" \/><\/figure><\/div><div class=\"swiper-slide\" role=\"group\" aria-roledescription=\"slide\" aria-label=\"2 of 2\"><figure class=\"swiper-slide-inner\"><img decoding=\"async\" class=\"swiper-slide-image\" src=\"https:\/\/www.staywild.at\/wp-content\/uploads\/elementor\/thumbs\/wolfgang-weiser-wvkCV6Kv_sA-unsplash-rk0bpud3nx7x5aqc59e5lq07v9s8kuxnowm2pqezwg.jpg\" alt=\"wolfgang-weiser-wvkCV6Kv_sA-unsplash\" \/><\/figure><\/div>\t\t\t<\/div>\n\t\t\t\t\t\t\t\t\t\t\t\t<div class=\"elementor-swiper-button elementor-swiper-button-prev\" role=\"button\" tabindex=\"0\">\n\t\t\t\t\t\t<i aria-hidden=\"true\" class=\"eicon-chevron-left\"><\/i>\t\t\t\t\t<\/div>\n\t\t\t\t\t<div class=\"elementor-swiper-button elementor-swiper-button-next\" role=\"button\" tabindex=\"0\">\n\t\t\t\t\t\t<i aria-hidden=\"true\" class=\"eicon-chevron-right\"><\/i>\t\t\t\t\t<\/div>\n\t\t\t\t\n\t\t\t\t\t\t\t\t\t<\/div>\n\t\t\t\t\t\t<\/div>\n\t\t\t\t<\/div>\n\t\t\t\t<\/div>\n\t\t<div class=\"elementor-element elementor-element-da0fe49 e-con-full e-flex e-con e-child\" data-id=\"da0fe49\" data-element_type=\"container\">\n\t\t<div class=\"elementor-element elementor-element-571710f e-con-full e-flex e-con e-child\" data-id=\"571710f\" data-element_type=\"container\">\n\t\t\t\t<div class=\"elementor-element elementor-element-83dd540 jltma-glass-effect-no elementor-widget elementor-widget-heading\" data-id=\"83dd540\" data-element_type=\"widget\" data-widget_type=\"heading.default\">\n\t\t\t\t<div class=\"elementor-widget-container\">\n\t\t\t\t\t<h4 class=\"elementor-heading-title elementor-size-default\">Premium Card inklusive<\/h4>\t\t\t\t<\/div>\n\t\t\t\t<\/div>\n\t\t\t\t<div class=\"elementor-element elementor-element-49805bf jltma-glass-effect-no elementor-widget elementor-widget-text-editor\" data-id=\"49805bf\" data-element_type=\"widget\" data-widget_type=\"text-editor.default\">\n\t\t\t\t<div class=\"elementor-widget-container\">\n\t\t\t\t\t\t\t\t\t<p>Ob gef\u00fchrte Wanderungen durch die Region,\u00a0<strong>Sommer-Bergbahnen<\/strong>, Bergbauernmuseum z\u00b4Bach oder die bequeme\u00a0<strong>Wanderbus<\/strong>\u00a0Nutzung:<br \/>Die hochwertigen Inklusivleistungen der neuen \u00a0Wildsch\u00f6nau Premium Card lassen keine Urlaubsw\u00fcnsche offen.<\/p>\t\t\t\t\t\t\t\t<\/div>\n\t\t\t\t<\/div>\n\t\t\t\t<div class=\"elementor-element elementor-element-4300cda jltma-glass-effect-no elementor-widget elementor-widget-button\" data-id=\"4300cda\" data-element_type=\"widget\" data-widget_type=\"button.default\">\n\t\t\t\t<div class=\"elementor-widget-container\">\n\t\t\t\t\t\t\t\t\t<div class=\"elementor-button-wrapper\">\n\t\t\t\t\t<a class=\"elementor-button elementor-button-link elementor-size-sm\" href=\"https:\/\/www.wildschoenau.com\/de\/urlaub-planen-buchen\/wildschoenau-card\/premium-wildschoenau-card\" target=\"_blank\">\n\t\t\t\t\t\t<span class=\"elementor-button-content-wrapper\">\n\t\t\t\t\t\t\t\t\t<span class=\"elementor-button-text\">Mehr infos<\/span>\n\t\t\t\t\t<\/span>\n\t\t\t\t\t<\/a>\n\t\t\t\t<\/div>\n\t\t\t\t\t\t\t\t<\/div>\n\t\t\t\t<\/div>\n\t\t\t\t<\/div>\n\t\t\t\t<\/div>\n\t\t\t\t\t<\/div>\n\t\t\t\t<\/div>\n\t\t<div class=\"elementor-element elementor-element-404703f e-flex e-con-boxed e-con e-parent\" data-id=\"404703f\" data-element_type=\"container\">\n\t\t\t\t\t<div class=\"e-con-inner\">\n\t\t\t\t<div class=\"elementor-element elementor-element-e7536ba jltma-glass-effect-no elementor-widget elementor-widget-spacer\" data-id=\"e7536ba\" data-element_type=\"widget\" data-widget_type=\"spacer.default\">\n\t\t\t\t<div class=\"elementor-widget-container\">\n\t\t\t\t\t\t\t<div class=\"elementor-spacer\">\n\t\t\t<div class=\"elementor-spacer-inner\"><\/div>\n\t\t<\/div>\n\t\t\t\t\t\t<\/div>\n\t\t\t\t<\/div>\n\t\t\t\t<div class=\"elementor-element elementor-element-beccda3 elementor-widget-divider--view-line jltma-glass-effect-no elementor-widget elementor-widget-divider\" data-id=\"beccda3\" data-element_type=\"widget\" data-widget_type=\"divider.default\">\n\t\t\t\t<div class=\"elementor-widget-container\">\n\t\t\t\t\t\t\t<div class=\"elementor-divider\">\n\t\t\t<span class=\"elementor-divider-separator\">\n\t\t\t\t\t\t<\/span>\n\t\t<\/div>\n\t\t\t\t\t\t<\/div>\n\t\t\t\t<\/div>\n\t\t\t\t<div class=\"elementor-element elementor-element-43328a3 jltma-glass-effect-no elementor-widget elementor-widget-spacer\" data-id=\"43328a3\" data-element_type=\"widget\" data-widget_type=\"spacer.default\">\n\t\t\t\t<div class=\"elementor-widget-container\">\n\t\t\t\t\t\t\t<div class=\"elementor-spacer\">\n\t\t\t<div class=\"elementor-spacer-inner\"><\/div>\n\t\t<\/div>\n\t\t\t\t\t\t<\/div>\n\t\t\t\t<\/div>\n\t\t\t\t\t<\/div>\n\t\t\t\t<\/div>\n\t\t<div class=\"elementor-element elementor-element-a9a4e03 e-flex e-con-boxed e-con e-parent\" data-id=\"a9a4e03\" data-element_type=\"container\">\n\t\t\t\t\t<div class=\"e-con-inner\">\n\t\t\t\t<div class=\"elementor-element elementor-element-c045773 jltma-glass-effect-no elementor-widget elementor-widget-spacer\" data-id=\"c045773\" data-element_type=\"widget\" data-widget_type=\"spacer.default\">\n\t\t\t\t<div class=\"elementor-widget-container\">\n\t\t\t\t\t\t\t<div class=\"elementor-spacer\">\n\t\t\t<div class=\"elementor-spacer-inner\"><\/div>\n\t\t<\/div>\n\t\t\t\t\t\t<\/div>\n\t\t\t\t<\/div>\n\t\t\t\t\t<\/div>\n\t\t\t\t<\/div>\n\t\t<div class=\"elementor-element elementor-element-5172048 e-flex e-con-boxed e-con e-parent\" data-id=\"5172048\" data-element_type=\"container\">\n\t\t\t\t\t<div class=\"e-con-inner\">\n\t\t\t\t<div class=\"elementor-element elementor-element-8a54505 jltma-glass-effect-no elementor-widget elementor-widget-heading\" data-id=\"8a54505\" data-element_type=\"widget\" data-widget_type=\"heading.default\">\n\t\t\t\t<div class=\"elementor-widget-container\">\n\t\t\t\t\t<h4 class=\"elementor-heading-title elementor-size-default\">BEREIT F\u00dcR DEINE AUSZEIT in der wildsch\u00f6nwooow?<\/h4>\t\t\t\t<\/div>\n\t\t\t\t<\/div>\n\t\t\t\t\t<\/div>\n\t\t\t\t<\/div>\n\t\t<div class=\"elementor-element elementor-element-ef941fb e-flex e-con-boxed e-con e-parent\" data-id=\"ef941fb\" data-element_type=\"container\">\n\t\t\t\t\t<div class=\"e-con-inner\">\n\t\t\t\t<div class=\"elementor-element elementor-element-254512d jltma-glass-effect-no elementor-widget elementor-widget-text-editor\" data-id=\"254512d\" data-element_type=\"widget\" data-widget_type=\"text-editor.default\">\n\t\t\t\t<div class=\"elementor-widget-container\">\n\t\t\t\t\t\t\t\t\t<p data-start=\"197\" data-end=\"288\">Manche Orte muss man nicht erkl\u00e4ren \u2013 man sp\u00fcrt sie! \ud83d\ude42<\/p>\t\t\t\t\t\t\t\t<\/div>\n\t\t\t\t<\/div>\n\t\t\t\t\t<\/div>\n\t\t\t\t<\/div>\n\t\t\t\t<\/div>\n\t\t","protected":false},"excerpt":{"rendered":"<p>Unser Lieblingsger\u00e4usch? blub blub blub blub blub blub Stay. Relay. Wooow Bisschen schwitzen, bisschen blubbern, bisschen Ausblick genie\u00dfen \u2013 genau so f\u00fchlt sich Urlaub richtig an. rooftop whirlpool Klingt dekadent \u2013 ist es auch. Auf der Dachterrasse ins warme Wasser gleiten, Blubberblasen im R\u00fccken, Bergpanorama im Blick. Mehr \u201eWooow\u201c geht nicht. panorama sauna Sauna kennt [&hellip;]<\/p>\n","protected":false},"author":1,"featured_media":3901,"parent":0,"menu_order":0,"comment_status":"closed","ping_status":"closed","template":"page-full-width.php","meta":{"_monsterinsights_skip_tracking":false,"_monsterinsights_sitenote_active":false,"_monsterinsights_sitenote_note":"","_monsterinsights_sitenote_category":0,"footnotes":""},"class_list":["post-7726","page","type-page","status-publish","has-post-thumbnail","hentry"],"aioseo_notices":[],"_links":{"self":[{"href":"https:\/\/www.staywild.at\/index.php?rest_route=\/wp\/v2\/pages\/7726","targetHints":{"allow":["GET"]}}],"collection":[{"href":"https:\/\/www.staywild.at\/index.php?rest_route=\/wp\/v2\/pages"}],"about":[{"href":"https:\/\/www.staywild.at\/index.php?rest_route=\/wp\/v2\/types\/page"}],"author":[{"embeddable":true,"href":"https:\/\/www.staywild.at\/index.php?rest_route=\/wp\/v2\/users\/1"}],"replies":[{"embeddable":true,"href":"https:\/\/www.staywild.at\/index.php?rest_route=%2Fwp%2Fv2%2Fcomments&post=7726"}],"version-history":[{"count":51,"href":"https:\/\/www.staywild.at\/index.php?rest_route=\/wp\/v2\/pages\/7726\/revisions"}],"predecessor-version":[{"id":8533,"href":"https:\/\/www.staywild.at\/index.php?rest_route=\/wp\/v2\/pages\/7726\/revisions\/8533"}],"wp:featuredmedia":[{"embeddable":true,"href":"https:\/\/www.staywild.at\/index.php?rest_route=\/wp\/v2\/media\/3901"}],"wp:attachment":[{"href":"https:\/\/www.staywild.at\/index.php?rest_route=%2Fwp%2Fv2%2Fmedia&parent=7726"}],"curies":[{"name":"wp","href":"https:\/\/api.w.org\/{rel}","templated":true}]}}